**2 - 102*g + 7. Is w(-4) a prime number?
False
Let b(j) = 7*j - 18. Let i be b(3). Suppose -5*k - f + 1467 = 0, -i*k - 5*f + 380 = -509. Is k composite?
False
Let l(w) = -w**2 + 46*w + 10. Is l(35) prime?
False
Let w = -40 + 56. Let c = -26 + w. Is ((-402)/(-15))/((-4)/c) composite?
False
Let n(j) = 90*j**3 + 5*j**2 - 2*j + 24. Is n(5) prime?
False
Let x(l) = -l**3 + 14*l**2 - 10*l - 7. Let q = -22 - -32. Is x(q) a prime number?
True
Suppose 0 = -3*u - d + 17710, -u + 2281 = -5*d - 3617. Is u prime?
True
Let x be 4/(-22) - (-1068)/66. Suppose 3*t - 2 = x. Let p(v) = 14*v - 5. Is p(t) a composite number?
False
Let h = 1246 + -732. Is h a composite number?
True
Let r be 5 - (-3 - (-4 - 1)). Suppose w + r*w = -5*q + 196, -w - 3*q = -49. Is w a prime number?
False
Is 5/20 - (-88557)/28 composite?
False
Let i be 4/10 - (-372)/(-30). Is (-4)/24 + (-32678)/i composite?
True
Let d(q) = -q**3 + 32*q**2 + 19*q + 24. Is d(29) composite?
True
Suppose 0 = 2*h, 3*v - 555 = -3*h - 0*h. Suppose -3*c + 5*i = 2*c - 255, -3*c - 5*i + v = 0. Is c prime?
False
Is ((-69)/92 - 5/(-12))*-84021 prime?
False
Let c = 59 + -60. Is 662*(c - (-5)/4)*2 composite?
False
Suppose 2*f = -10, -3*f = -5*w + w + 23. Let h(c) = 481*c - 5. Let j be h(w). Suppose -5*u - j = -3*k + 104, 5*u = -4*k + 1368. Is k a prime number?
True
Let m be (-7)/1 - (-8)/(-8). Let y(b) = b**2 + 8*b + 5. Let r be y(m). Is (4 - 7) + 52*r prime?
True
Let l = 16 - -24. Let n be 8/l - (-224)/5. Is (-9)/n - (-186)/5 composite?
False
Suppose f + 6072 = 7*f. Let t = f + 247. Is t prime?
True
Let i = -46 + 102. Let q = -8 + 13. Suppose i = q*m + 1. Is m a prime number?
True
Suppose r - 23577 = 5*i, -2*i = 2*r - 0*i - 47106. Is r a composite number?
False
Let h(t) be the third derivative of 421*t**4/24 - t**3/3 - 3*t**2. Is h(1) composite?
False
Let j = -29 + 31. Suppose -j*g - 3*f = 2*g - 742, -3*f + 929 = 5*g. Is g a prime number?
False
Is 8/(-22) - 5118369/(-583) a prime number?
True
Let k(l) = -l - 15. Let g be k(-17). Is -3 - (-40)/12*15/g composite?
True
Let o(x) = -2*x**2 + 7*x - 5. Let v(m) = -2*m**2 + 6*m - 5. Let u(d) = 4*o(d) - 5*v(d). Suppose -4*z - 9 + 33 = 0. Is u(z) prime?
False
Let y = -7 - -6. Let p be (1 - 2)/y + 4. Suppose 47 = p*i - r, -2*i + 49 = 2*i + 3*r. Is i composite?
True
Let y = 6362 + -4281. Is y composite?
False
Let y(o) = -o**3 - 16*o**2 + 27*o + 17. Let s be 3/(-6) - 111/6. Is y(s) prime?
True
Suppose -216 = -6*r + 2*r. Let v be 20076/r - (-4)/18. Is (-1)/(v/(-370) + 1) composite?
True
Suppose -5*f = j - 15, -j + 2*f + 3 = 3*f. Suppose 12 + j = 4*t. Suppose -4*i + z + 88 = 0, -5*i - t*z + 32 = -78. Is i a prime number?
False
Is 11 - (11 + -13 - 53568) composite?
True
Let q(b) = 2570*b + 549. Is q(25) a composite number?
True
Let h(s) be the third derivative of -s**6/24 - s**5/30 + s**3/6 + 5*s**2. Let f be h(-1). Suppose f*r - 1 - 2539 = 0. Is r a prime number?
False
Suppose 3*o = 132 + 27. Let g = 78 + o. Is g composite?
False
Let q = -90 + 181. Suppose -43 = -2*l + q. Is l prime?
True
Let y(q) = 0*q - 5 + q + 2*q + q. Let w be y(3). Suppose -w*b + 3*b = -2540. Is b prime?
False
Suppose 4*c - 24 = 5*f, 3*f - 5*f = -4*c + 12. Let o = 148 + c. Is (o/(-2))/((-2)/4) a prime number?
True
Let m(t) = 4*t**3 + 8*t**2 - 7*t + 8. Let s(n) = -5*n**3 - 7*n**2 + 7*n - 9. Let u(a) = 6*m(a) + 5*s(a). Let p be ((-4)/1)/((-6)/15). Is u(p) composite?
False
Suppose 0 = 12*y - 15625 - 27227. Is y prime?
True
Suppose -16914 = -3*v + 4587. Is v a composite number?
True
Let m(l) = 9*l**2 - 5 - 2*l + 2 + l**3 - 4 + 4*l. Is m(-6) prime?
True
Suppose -5529 = -3*h + 4*a, 0*h = -h - 2*a + 1833. Suppose 0 = -2*d + 5*d - h. Is d a prime number?
True
Let l = 215 - -753. Suppose -3*p + 163 = -l. Is p prime?
False
Is (-19162)/(-6) + (-5 - 144/(-27)) a composite number?
True
Is (4/(-12))/(3/(-94077)) prime?
True
Is (-4685811)/(-195) + (-3)/(-15) + -1 composite?
False
Let f = -11 - -4. Let i be 3831/f + 22/77. Is i/5*(0 - 5) prime?
True
Let a = 252 - 139. Is a a prime number?
True
Suppose -15123 - 5030 = -7*h. Is h a prime number?
True
Let r = 173 - -1416. Suppose -5*p = 0, p - 87 = -4*y + r. Is y prime?
True
Suppose f - 3*u = 118, -30 + 558 = 4*f + 2*u. Suppose 311 = -4*m + 2*m + 5*b, -4*m - 649 = -b. Let q = f - m. Is q a prime number?
True
Suppose -w + 51248 = 5*y, -w - 51242 = 2*y - 7*y. Is y a composite number?
True
Let m(s) = 7*s**2 - 27*s + 102. Is m(20) prime?
False
Let w(d) = 3*d - 12. Let q be w(6). Let h = q + -1. Suppose 0 = -i + 3*u + 976, 0 = h*i - 2*u - 2296 - 2545. Is i prime?
True
Let b be 5/15 + (-82)/(-6). Suppose -x + 0 + b = -3*j, 3*j = 2*x - 28. Is x a composite number?
True
Suppose -822*m = -830*m + 103696. Is m prime?
False
Let a(s) = 6*s. Let r be a(-4). Let d = -312 + 308. Is r/3*29/d a prime number?
False
Let q(g) = -g**3 - g**2 + 2*g + 3. Let x be q(-2). Suppose -x*a = -0*a - 3435. Suppose -4*p = -a + 261. Is p a prime number?
False
Is (-1)/((2/(-51964))/((-27)/(-54))) prime?
False
Let b(p) = p**3 + 5*p**2 - p - 3. Let i be b(-5). Suppose -n = -8 + i. Suppose n*z = 9*z - 165. Is z a prime number?
False
Let b(y) = y**3 + 4*y**2 - 2*y + 13. Let i be b(-5). Let k(q) = -191*q - 1. Is k(i) prime?
False
Let w = -1 - 1. Let v be (1/w)/(3/18546). Let t = -2118 - v. Is t composite?
True
Let a = 1058 + -517. Is a a composite number?
False
Let v(y) be the third derivative of 0*y**4 + 12*y**2 + 0*y - 1/3*y**3 + 7/60*y**5 - 1/120*y**6 + 0. Is v(3) a composite number?
True
Is 35031/(-6)*(11 + -13) a prime number?
True
Suppose -7*f + 3*f + 2*q = 10, -4*q + 20 = -5*f. Suppose -4*c + 18 = 5*i - 2, c - 5*i - 30 = f. Let v = c - -15. Is v composite?
True
Suppose -2*z = 3*z. Suppose z = -2*n + 2 + 6. Suppose -3*h + g + 1196 = 0, 6*h - 1171 = 3*h - n*g. Is h a composite number?
False
Let p be 45/(-75) - (-213)/5. Suppose q - 3*q - p = 0. Is (91/q)/(3/(-9)) composite?
False
Let c(r) = 24*r**2 + 3*r - 4. Let k be c(10). Suppose 2*f - 3*d - k = -0*f, 0 = 3*f - 2*d - 3639. Is f a prime number?
True
Let b(q) be the second derivative of q**4/6 + 5*q**3/6 - 5*q**2/2 - 3*q. Suppose 3*t - 2*a - 11 = 1, 4*t - 5*a = 9. Is b(t) composite?
False
Let h(p) = 6 + 2*p + 2*p**2 + 7*p**2 + 2*p - 3 + 12*p**3. Let m be h(7). Suppose -2801 - m = -9*i. Is i composite?
False
Suppose 0 = 2*a + 5*n + 3490, -n = -2*a - 1139 - 2363. Let o = 2451 + a. Is o composite?
False
Let b = -6 + 10. Is (b/(-6))/((-46)/14559) prime?
True
Is 4/(-8)*(-4012)/2 a composite number?
True
Suppose 4*y + 21 - 29 = 0. Suppose y*f = -10 + 48. Is f prime?
True
Suppose -3*i + 7*i + 826 = -3*l, -l = 4*i + 830. Is 11 - 14 - i*2 prime?
False
Let s = 7766 - 4377. Is s a composite number?
False
Suppose j - 30 = -2*n - j, -5*j + 25 = 0. Let f be n/25 + (-1376)/(-10). Let r = -91 + f. Is r prime?
True
Suppose v - 5*g + 24 = 0, 0*v = 5*v - 2*g + 28. Is v/(-5) - 153/(-15) composite?
False
Suppose 8*l = 28 + 4. Suppose -p + 12449 = -g + 5*g, -3*g + l*p = -9351. Is g composite?
True
Let o = 4 - -1. Suppose 2*f = 6*f + o*h - 1237, -2*f = 4*h - 620. Is -1*(f/(-2) - 3) a composite number?
False
Let f be 9/15 - 21/(-15). Suppose -f*d = 3*d - 20. Suppose -d*a = -90 - 46. Is a composite?
True
Let g(b) = 18*b + 37. Let i be g(11). Suppose -i + 868 = 3*j. Is j a composite number?
False
Suppose -2*x - 98 = 4*t - 1628, 3*t = -5*x + 3811. Is x a prime number?
True
Suppose 12 = 4*t, -3*u + 480 = -0*u + t. Let j = 73 + 7. Let x = u - j. Is x composite?
False
Suppose 3*d - 5 = s, 5*d - 75 + 10 = -4*s. Let r(o) = o**2 - 10*o + 3. Let y be r(s). Suppose -2*b + 10 = 0, l - 4*b = -y + 50. Is l a prime number?
True
Let y(p) = 10*p**2 - 5*p - 14. Let l = 5 - 8. Is y(l) prime?
False
Let t(u) = u + 26. Let p be t(0). Suppose p + 851 = l. Is l composite?
False
Let c be 178 + (-8)/(-4) + 2. Let y = 276 - c. Suppose -b + 2*u + 456 = 0, -2*b = -u - 803 - y. Is b a prime number?
False
Suppose 5*x - 56133 = 2*h, 4*x = 3*h + 31099 + 13806. Is x prime?
False
Suppose -3*k - 322 = -m - 0*k, 977 = 3*m + 2*k. Let x(f) = f**3 + 8*f**2 + 10*f - 8. Let j be x(-6). Suppose z = -j*z + m. Is z a prime number?
False
Let t be (-506)/(-121) + 2/(-11). Let n(m) = 3*m**2 - 18. Let f(v) = 2*v**2 - 9. Let p(w) = 7*f(w) - 3*n(w). Is p(t) composite?
False
Let a be (-20)/24*-519*14. Suppose a = -4*f + 9*f. Let u 